8)?
6
Let d(n) = -n**3 - 4*n**2 - 2*n - 5. Suppose -5*p - 22 - 3 = -2*v, 3*v - 47 = -2*p. Suppose 0 = 3*c + v. Calculate the remainder when 57 is divided by d(c).
27
Let i(g) = g**3 + 9*g**2 + 7*g - 3. Let c(l) = -l**3 - 8*l**2 - 7*l - 8. Let u be c(-7). Let d = 14 + 4. Calculate the remainder when d is divided by i(u).
3
Let z(r) = 7*r**3 - 3*r**2 + 4*r - 3. Let v = -23 + 11. Let c = v - -25. Calculate the remainder when z(2) is divided by c.
10
Suppose -2*c + 1 = -1, -u + 4*c + 50 = 0. Let s = 484 + -470. Calculate the remainder when u is divided by s.
12
Let c be ((-261)/(-4))/((-15)/(-40)). Suppose -v - 24 = -c. Let x = v - 56. What is the remainder when x is divided by 16?
14
Let f(u) = -118*u + 24. What is the remainder when f(-1) is divided by 16?
14
Let k(m) = -10*m - 11. Let z = -2 - 22. Let r = z + 52. What is the remainder when k(-12) is divided by r?
25
Suppose 2*z = -t - 293, -3*t - 2*t - 5*z = 1450. Let h = -153 - t. What is the remainder when h is divided by 9?
8
Let u(o) = 86*o + 961. Calculate the remainder when 1104 is divided by u(-10).
94
Suppose -14*x = -11*x - 42. Suppose -n = -5*z - 102, 4*z - 43 = -n + x. What is the remainder when n is divided by 20?
17
Suppose -1 = 4*d - 41. Suppose -5*p + 219 = -2*p. Suppose -p + 208 = 5*h. What is the remainder when h is divided by d?
7
Let j(h) = -84*h + 83*h + 9 + 3*h**2 + 0*h**2 + 0*h**2. What is the remainder when j(4) is divided by 14?
11
Let t(f) = 25*f - 41. What is the remainder when 222 is divided by t(2)?
6
Suppose -2*s + 288 = 272. Calculate the remainder when 21 is divided by s.
5
Let c = -3726 - -3729. Suppose -6*j + 2 = -5*j. What is the remainder when c is divided by (-11)/(-4) + j/8?
0
Suppose 0 = 2*q + 4, 2*i + 2*i + 4*q = -12. Calculate the remainder when 301 is divided by 0*(-1)/i + 19.
16
Let l = 13 - 9. Let m(s) = 3*s + 5. What is the remainder when m(0) is divided by l?
1
Let v(f) = 15*f**2 - 23*f - 7. Calculate the remainder when v(3) is divided by 32.
27
Let b = -1232 - -1795. Suppose w + b = 5*h - w, -456 = -4*h + 3*w. What is the remainder when h is divided by 38?
35
Let q be -4 - (-54)/3*1. What is the remainder when 56 is divided by 0 + 1 + 4 + q?
18
Suppose 0 = 2*o + o - 6. Let n = 53 + -18. Let c = n - 33. Calculate the remainder when o is divided by c.
0
Let k be (-122)/(-6)*(-2)/((-10)/45). Suppose 0 = -3*n - n + 296. Let d = k - n. Calculate the remainder when d is divided by 28.
25
Suppose -3*z - 3*z = -210. Let d = z + -30. What is the remainder when 19 is divided by d?
4
Calculate the remainder when 95 is divided by ((-369)/18)/(0 + 4/(-8)).
13
Let t be 0/(3*(-3)/(-9)). Let y = 4 + t. Suppose 24 = 5*u + y*f, -6 = 3*u + 2*f - 22. What is the remainder when 15 is divided by u?
7
Let i(w) = -w**3 - 14*w**2 + 11*w + 14. Let o be (-2 - 57/(-6))*-2. Calculate the remainder when i(o) is divided by 19.
17
Let n be (-1)/(-3) - (-123)/9. Suppose -q + 21 + n = 0. Suppose 96 = -4*o + 12*o. Calculate the remainder when q is divided by o.
11
Let t(g) = -g - 4. Let j be t(-3). Let f(m) = 3 - 45*m + 0*m + 0 - 4 - 10*m. Calculate the remainder when f(j) is divided by 11.
10
Let v(c) = -49*c**3 - 4 + 0*c**2 - c**2 + 50*c**3 + 0*c**2. What is the remainder when 25 is divided by v(3)?
11
Let m(c) = -7*c**2 + 3*c**3 + 9 - 3*c**3 + c**3. Suppose -o = -3*o + 52. What is the remainder when o is divided by m(7)?
8
Suppose -366 = -4*m + 2*u, -38 = 4*m + 5*u - 397. Calculate the remainder when m is divided by 33.
25
Suppose -57*w = -55*w - 16. What is the remainder when (-20)/w + 3 + (-103)/(-2) is divided by 28?
24
Let g(w) = w**3 + 15*w**2 - 12*w + 52. Let n be g(-14). Let q = n + -223. Calculate the remainder when q is divided by 14.
11
Suppose u - q + 272 = 5*u, -u = -q - 63. Let y = -54 + 77. What is the remainder when u is divided by y?
21
Let c(z) = 2 + 5*z**2 - 3*z + 2*z**2 - z**3 + 1. Let m be (-6)/(-5 + 14/4). What is the remainder when c(m) is divided by 10?
9
Let u = -4 + 7. Suppose 4*h + 3*w + 0 - 9 = 0, -4*w = -u*h + 38. What is the remainder when (-2 + 1)/(h/(-78)) is divided by 7?
6
Let l = 144 + -78. Calculate the remainder when l is divided by 20.
6
Let n = -200 - -231. Suppose -2*b = -b - 120. Calculate the remainder when b is divided by n.
27
Calculate the remainder when 51 is divided by 15/(-60) + 385/20 + 3.
7
Let w be -1 + 3 - 3 - 11. Let q be 2/(-6) - 4/w. Suppose -3*b + 6 + 3 = q, -3*b = 5*m - 99. What is the remainder when m is divided by 10?
8
Let y(s) = -s**2 + 8*s - 8. Let u(z) = -2*z - 5. Let j be u(-5). Calculate the remainder when 55 is divided by y(j).
6
Suppose 0 = -3*p + 270 - 72. Let h be 7/(2/(-12)*-3). Let i = h - -3. Calculate the remainder when p is divided by i.
15
Suppose 0 = 2*t - t + v - 14, 4*v = t - 4. Suppose 68 = -8*h + t*h. What is the remainder when h is divided by 11?
6
Suppose 5*c - 25 = m, 25 = 4*m + m. What is the remainder when 14 is divided by c?
2
Let l = 668 + -519. What is the remainder when l is divided by 45?
14
Suppose -3*b - 50 + 7 = -2*k, -4*k - 5*b + 75 = 0. Calculate the remainder when k is divided by ((-4)/6)/(2/(-24)).
4
Let i(h) = h**3 + 13*h**2 + 36*h + 23. What is the remainder when 40 is divided by i(-9)?
17
Let q be (-2)/2*6*5. Let m = -26 - q. Suppose -m*b - 70 = -6*b. What is the remainder when b is divided by 12?
11
Let l(p) = -p**2 - 7*p. Let i be l(-5). Let f = i - 5. Suppose 2*c - 9 = -5*u - 0*u, f*u - 18 = c. Calculate the remainder when 14 is divided by u.
2
Let l(q) = 7*q**2 + q. What is the remainder when ((-45)/4 - -4)/(23/(-92)) is divided by l(1)?
5
Let o(p) = 8*p**2 - 3*p - 6. Let x be 123/(-41)*(0 + (-2)/(-3)). Let j = 16 + 1. Calculate the remainder when o(x) is divided by j.
15
Suppose -2*t - 6 = -4*t. Suppose 5*d + 9 = -1, -t*f - d = -121. What is the remainder when f is divided by 11?
8
Suppose -662*j = -665*j + 33. What is the remainder when 47 is divided by j?
3
Suppose -45*b = -38*b - 357. What is the remainder when b is divided by 9?
6
Let w(v) = -6*v - 17. Let k(r) = -18*r**3 - 1. Let d be k(1). Let a = 32 + d. Calculate the remainder when w(-9) is divided by a.
11
Suppose -136*c = -151*c + 6015. What is the remainder when c is divided by 105?
86
Let u(j) = -j**3 - j**2 + 11. Let d(g) = -g**3 + 12*g**2 - 5*g - 23. Calculate the remainder when d(11) is divided by u(0).
10
Let z(b) = b**3 - 12*b**2 - 14*b + 17. Let g be z(13). Suppose 0 = -g*y + 3*y + 23. Calculate the remainder when y is divided by 12.
11
Suppose -10 = -5*x, l + 2*x = 3 - 0. What is the remainder when (l + 4/3)*870/10 is divided by 10?
9
Let k be (-590)/14 + 3/21. Let f = 52 + k. Let j(b) = -6*b + 1. Calculate the remainder when j(-6) is divided by f.
7
What is the remainder when ((-11564)/(-147))/((-2)/(-6)) is divided by 48?
44
Suppose 50 = o - 4*u, -3*u - 177 = -4*o + o. Calculate the remainder when 111 is divided by o.
49
Suppose -11 - 10 = -z - 4*k, -3 = z - 2*k. Suppose -2*l - 10 = -y, -y + 2*y + z*l = 31. Let w(f) = 14*f - 38. Calculate the remainder when w(6) is divided by y.
14
Let n = -602 - -680. Calculate the remainder when n is divided by 29.
20
Suppose 0 = -3*g + 6 + 12. Suppose -g*t + 134 = -4*t. Suppose -3*s - 3*k = -33, s - 6*s + t = 2*k. Calculate the remainder when 28 is divided by s.
13
Let i = 150 + -83. Suppose -2*x + a = -4*a - 14, 3*x = 5*a + 21. Suppose -2*t + 22 = q - x*t, 50 = 3*q + t. Calculate the remainder when i is divided by q.
16
Suppose 16*k = 1430 + 1754. Calculate the remainder when k is divided by 20.
19
Let i be 3/4*4*22. Suppose i = 5*b - 4. Calculate the remainder when b is divided by 5.
4
Suppose 30*x = 34*x - 1624. What is the remainder when x is divided by 34?
32
Suppose -5*i = 2*i - 77. Calculate the remainder when (42/35)/((-6)/(-195)) is divided by i.
6
Let p = 1 - -4. Suppose -p*y + 5*x = -115, -3*y + 24 = 2*x - 45. What is the remainder when 12 is divided by y/3 + (-10)/15?
5
Suppose -24*q = 13*q - 1665. Calculate the remainder when 132 is divided by q.
42
Let n be (1*-3)/((30/(-8))/5). Suppose -68 = -n*a + 3*t, -2*a - 51 = -5*a + 5*t. Calculate the remainder when 46 is divided by a.
12
Let u be 8/6*48/(-32). Let d(g) = -3*g**3 - 4*g**2 - g + 4. What is the remainder when d(u) is divided by (-3)/(-15) - (-29)/5?
2
Suppose 15*q - 11*q - 16 = -w, 5*q - 35 = -5*w.